i(p) = a*s(p) + 7*f(p). Calculate i(-4).
0
Let i(q) = 5*q + 2. Let z(r) = -189*r - 77. Let f(t) = -77*i(t) - 2*z(t). Let y(m) = -7*m. Let a(h) = 3*f(h) - 2*y(h). Calculate a(-2).
14
Let b(s) = s**3 - 3*s**2 - s + 2. Let c be 3/(-2)*16/(-12). Give b(c).
-4
Let p(x) = x**3 + x - 1. Let v(l) = 1 + 0*l - 1 + 5*l - 4 + 2*l**3. Let z(j) = 4*p(j) - v(j). Suppose a + 4*i - 1 = 2*i, 3*i = a + 4. What is z(a)?
-1
Let c(u) be the second derivative of u**4/12 + 2*u**3/3 + u**2 + 29*u. Suppose -v - 1 - 3 = 0. Determine c(v).
2
Let m(f) be the first derivative of -1/4*f**4 + 5/2*f**2 + 6*f + 4/3*f**3 - 1. Determine m(5).
6
Let k(y) = 8*y + 1. Suppose 5*s = n - 180, 5*s = -2*n + 241 + 179. Let d be (-4)/(-18) + n/(-90). What is k(d)?
-15
Let q(l) = l**2 + 0*l**3 - l**2 + l**2 + 2*l**3. What is q(1)?
3
Let h(o) = o**2 + 4*o - 5. Let d(m) = -2*m - 11. Let v(x) = -1. Let y(s) = -2*d(s) + 22*v(s). Let l be y(-1). Calculate h(l).
-5
Suppose 5*g = 15*g - 20. Let d(x) = x**3 - 3*x + 2. What is d(g)?
4
Suppose 4 = m + 5*q, 2*q - 9 + 6 = m. Let v(c) = -c + 0*c**3 - 2*c**2 + c**2 - 5*c**3. Give v(m).
5
Let b(r) be the third derivative of r**4/24 - 11*r**3/6 + 29*r**2. Give b(6).
-5
Let d(b) = b + 8. Let p(y) = 4. Let q(r) = -3*d(r) + 7*p(r). Let c be q(3). Let m(g) = g**3 + 4*g**2 - 5*g. Give m(c).
0
Let j(l) be the first derivative of 1/2*l**2 - 3 + 1/4*l**4 + 0*l - 2/3*l**3. Calculate j(1).
0
Let c be (4 + -14)/(2 + -4). Suppose 3*x = 0, -2*d + 3*x = 3 + c. Let u(b) = 2*b + 4. Determine u(d).
-4
Let h = -31 + 25. Let z(a) = -a**2 - 10*a + 1 + 2*a - 6. Determine z(h).
7
Let k = -31 + 31. Let b(h) = -h**3 + h**2 - 2. What is b(k)?
-2
Let r(m) = -m**3 - 6*m**2 - 5*m + 4. Let u be r(-5). Suppose -o = -u*c - 20, c + 0*o = -o. Let v(f) = 0*f - f**2 + 3 - 3*f + 0*f**2. Give v(c).
-1
Let i(p) = p**2 + 3*p - 11. Let r be i(-5). Let v(t) be the first derivative of -1 - t - 8/3*t**3 - t**2. Calculate v(r).
-7
Let x(o) = 19*o**2 + 6*o - 3. Let m(q) = 969*q**2 + 304*q - 152. Let v(b) = -3*m(b) + 152*x(b). Calculate v(1).
-19
Let r(u) = -2*u + 9. Let o(y) = 7 - 1 - 4*y + 13. Let b be 2/6 - (-28)/(-12). Let c(x) = b*o(x) + 5*r(x). Give c(5).
-3
Let f(a) = -2*a**3 - 6*a**2 + 5*a + 2. Let n(w) = -w**3 - w**2 + w + 1. Let p(q) = -f(q) + 3*n(q). Calculate p(3).
-5
Let n(j) = -5*j - 1 + j - 4*j**3 + 3*j. Let p be n(-1). Let u(r) be the second derivative of r**3/2 - 5*r**2/2 + r. Determine u(p).
7
Suppose 0*a + 3*a = -4*f, -4*a = -2*f + 22. Let l be (-2)/(-3)*(-30)/a. Let c(w) be the first derivative of w**3/3 - 5*w**2/2 + 2*w + 1. Give c(l).
2
Let x be ((-1)/(-3))/((-1)/(-9)). Let d(o) = x + 0 - 1 - o. Suppose -b = -3*b - 3*j - 6, 2*b + 5*j + 14 = 0. What is d(b)?
-1
Let c(v) = v**2 + 5*v + 2. Let w = 0 + 4. Suppose w*a = -10 - 10. Give c(a).
2
Suppose -12 = -3*n - 4*j, -3*n - 3 = -j - 0. Let u(s) be the second derivative of s - 5/2*s**2 + n + 1/6*s**3. What is u(4)?
-1
Let p(l) be the second derivative of -l**3/6 - 3*l**2/2 - 4*l. Determine p(-4).
1
Let u be (2/(-3))/((-4)/18). Let g(b) be the first derivative of -b**3/3 + 3*b**2/2 + 4*b + 4. Determine g(u).
4
Let g(t) = t**2 - 5*t - 1. Let k(q) = -q**2 + 2*q. Let z(x) = -3*g(x) - 5*k(x). Let i be -1 - (3 - (-2 - -3)). Calculate z(i).
6
Let s(x) = 6*x**2 + 7. Let d(t) = -13*t**2 + t - 15. Let l(n) = 4*d(n) + 9*s(n). Let p(u) = u + 2. Let j = 7 - 11. Let a be p(j). Determine l(a).
3
Let b(p) = -p**3 - 7*p**2 - 8*p + 2. Suppose 4*a = -4*m - 20, 7*a - 4*a = -5*m - 27. What is b(m)?
14
Let g(n) be the first derivative of -2*n**3/3 - n**2 + n + 10. Let s be -2 - (0 - 0)/(-2). Give g(s).
-3
Let y(u) = 2 + 0 - 1 - u**2 - 2. Let k(l) = -6*l**2 + 2*l - 2. Let h(v) = -k(v) + 5*y(v). Determine h(5).
12
Let j(g) be the second derivative of -g**3/6 + 2*g**2 - 6*g. Determine j(5).
-1
Let c(f) = -5*f**2 - 6*f**3 + 3*f + f**3 + 6*f**3 + 8*f**2. Let x be c(-2). Let q(n) = 4*n + 2. Determine q(x).
-6
Let w be (3 + 0)/((-2)/(-4)). Let v(l) be the first derivative of l**4/4 - 2*l**3 + l**2/2 - 2*l - 119. Determine v(w).
4
Let q(y) = y + 17. Let n be q(-13). Let x = 2 - 3. Let i = n + x. Let b(f) = 3*f - 4. Determine b(i).
5
Let y(a) = -7 + 12 - 90*a + 83*a + a**2. Give y(5).
-5
Let l(c) = -2*c**3 - 8*c + 23*c + 0*c**2 - 11*c + c**2 - 3. Let m(h) = h**3 - 2*h**2 + h. Let o be m(2). Give l(o).
-7
Suppose -12 = -y - 2. Suppose -y = 3*r - 8*r. Let p(b) = 0*b + 5*b + 16 - 9 - b**r. Give p(5).
7
Let a be (-10)/55 + (-35)/(-11). Suppose 6 = -a*t + i, -5*t + 3*i - 14 = -0*i. Let l(k) = 5*k + 1. What is l(t)?
-4
Let l(v) = 7*v + 1. Let y(o) = -6*o + 1. Let c be y(-1). Suppose -2*p = -f + 3, 0 = -5*f + 2*p - 0 + c. Determine l(f).
8
Let x(i) = 1 + 3 - i + 3*i**2 - 4*i**2 - 2*i. Let d(g) = g. Let l be d(-4). What is x(l)?
0
Let b(l) = l**2 - 6*l + 2. Let c be b(5). Let x be (0 + -2)*(5 + -1). Let a be 30/x + c/12. Let i(p) = 2*p + 2. Calculate i(a).
-6
Let b(k) = 3*k + 1. Let n(w) = 0*w**2 + 19*w**3 - 1 + 0 - w**2 - 18*w**3. Let c be n(0). What is b(c)?
-2
Let y(w) = -2*w**3 + w**2 + w + 1. Suppose -4*x + 2*z + 6 = -6*x, -5*x = -2*z - 20. What is y(x)?
-9
Suppose -1 - 74 = 5*g. Let p = -11 - g. Let v(j) = j**3 - 3*j**2 - 4*j + 3. Calculate v(p).
3
Let l(m) = m**2 - 3*m - 3. Let q be (5*2)/((-8)/(-12)). Suppose 0*w - 5*w + q = 0. What is l(w)?
-3
Let p(y) = -2*y - 6. Let b(j) = 2*j + 5. Let t(v) = -5*b(v) - 4*p(v). Let h(u) = u. Let f be h(5). What is t(f)?
-11
Let t(m) = -m**2 + m - 21. Suppose 4*h = -4*s + s + 3, 0 = 5*h + s - 1. What is t(h)?
-21
Let r(d) = 6*d**2 - 2 + 2*d - 3*d**2 - 4*d**2. Let s(v) = -v**2 - 7*v - 7. Let a(i) = i - 5. Let m be a(0). Let j be s(m). What is r(j)?
-5
Let y(j) = j**3 + 4*j**2 + 4*j + 2. Let x be y(-2). Let t(w) = 2*w - 8 + w**x + 4 - w. What is t(-4)?
8
Let l be 6 - (1 - 0/(-4)). Let j(k) = k**2 - 6*k + 3. What is j(l)?
-2
Let z be -1 - 4*-1 - 0. Let q(x) = 3 - 3*x**2 + 7*x - x**3 - x**3 + x**z + 2. What is q(-4)?
-7
Let j(r) be the first derivative of r**3/3 + 5*r**2/2 + 2*r + 22. Calculate j(-2).
-4
Let g(o) = -o**2 - 7*o - 7. Let s be g(-5). Let n(v) = v**2 - 3*v. Determine n(s).
0
Let l(f) = f**3 + 2*f**2 + 3*f + 1. Let z be l(-2). Let g(d) = 4*d**2 - 6*d + 1. Let a(q) = -5*q**2 + 5*q - 1. Let s(m) = z*g(m) - 6*a(m). Give s(-1).
11
Let x(t) = 9*t**2 - 3*t**2 - t - 7*t**2 + 0*t. What is x(-1)?
0
Let m(w) = 0*w - 1 - 2 - 4*w + 8*w. Let t be m(2). Suppose -z - 28 = t*y - 3, 2*z + 20 = -4*y. Let o(n) = n**2 + 7*n + 7. Determine o(y).
-3
Let l(u) be the third derivative of 0 + 1/12*u**4 + 0*u - 1/120*u**6 + 0*u**5 - 3*u**2 - 1/3*u**3. Let y be (-6)/(-4)*(-4)/(-3). Calculate l(y).
-6
Let k(j) = 13 + j - 15 - 5. Let a(x) = x + 2. Let s be a(3). Give k(s).
-2
Let b(z) = 0*z**2 + z**2 - 4 - 5*z - z. Give b(5).
-9
Suppose -j = -4*j + 9. Let y(c) = -c**3 + 4*c**2 + c - 3. Give y(j).
9
Let h(c) = 8*c + 11*c**2 - 10 + 11*c**2 - 23*c**2. Give h(8).
-10
Let y(o) be the first derivative of -o**2/2 + o + 14. Calculate y(-2).
3
Let x = -3 + -1. Let a = x + 3. Let l be (-16)/(-3) + a/3. Let i(h) = -h**3 + 6*h**2 - 3*h - 7. Calculate i(l).
3
Let b be (-3*2)/(24/(-16)). Let z = b + -13. Let i be (6 - 0) + 8 + z. Let u(w) = -w - 1. What is u(i)?
-6
Let c(g) = 3*g - 12. Let a be c(5). Let k(h) = 4*h - a - h - 2*h. What is k(6)?
3
Let a(s) = -2*s - 17. Let f be a(-9). Let y(t) = 2*t**3 + 2*t**2 - 2*t + 1. Determine y(f).
3
Let t(k) = -k + 6. Suppose -52*a = -51*a - 10. Calculate t(a).
-4
Let l(v) = -v**3 - 5*v**2 - 5*v - 4. Let m be (0/1 - -2) + 2. Let w(q) = q**2 + 8*q - 1. Let z be w(-7). Let a = z + m. Give l(a).
0
Let t(s) = s**2 - s + 1. Let u be t(1). Let k(x) = 3 - 5*x + 2 - x**2 - u. Let c(y) = y**2 + 4*y - 4. Let o(b) = -7*c(b) - 6*k(b). What is o(3)?
1
Let g(x) be the third derivative of x**5/15 + x**3/6 - 2*x**2. Let c(j) = j**3 - 4*j**2 + 3*j - 1. Let f be c(3). Give g(f).
5
Suppose 5*c + 40 = 13*c. Let a(u) = -u**3 + 11*u**2 - 2*u + 4. Let o(f) = -f**2. Let q(t) = a(t) + 6*o(t). Calculate q(c).
-6
Let j(z) = z. Let m(k) = -k + 4. Let y(o) = 2*j(o) - m(o). Suppose 9 = 5*u - 11. Calculate y(u).
8
Let z(p) be the third derivative of p**6/120 + p**5/15 + p**4/12 - p**3/3 + p**2. Suppose 5*c - 35 = 5*w, 4*c + c - 17 = -w. Suppose -c*q = q + 15. Give z(q).
1
Let m = 2 + -2. Suppose 5*h = 2*h + 12. Suppose -2*d = -m*d - h. Let x(r) = 4*r -